ded by 1733?
2
Calculate the remainder when 74928 is divided by 18712.
80
Calculate the remainder when 56011 is divided by 7001.
3
What is the remainder when 33965 is divided by 16982?
1
What is the remainder when 56567 is divided by 1049?
970
What is the remainder when 8630 is divided by 6?
2
What is the remainder when 5246 is divided by 946?
516
What is the remainder when 770 is divided by 193?
191
What is the remainder when 364426 is divided by 477?
475
Calculate the remainder when 10547 is divided by 50.
47
Calculate the remainder when 64951 is divided by 264.
7
Calculate the remainder when 3718 is divided by 242.
88
What is the remainder when 830699 is divided by 276897?
8
Calculate the remainder when 1150 is divided by 200.
150
Calculate the remainder when 8783 is divided by 4386.
11
Calculate the remainder when 1254791 is divided by 12.
11
Calculate the remainder when 643 is divided by 127.
8
Calculate the remainder when 7773 is divided by 1628.
1261
What is the remainder when 44161 is divided by 73?
69
Calculate the remainder when 28692 is divided by 5738.
2
Calculate the remainder when 177810 is divided by 35.
10
Calculate the remainder when 3545 is divided by 1173.
26
What is the remainder when 7166 is divided by 716?
6
What is the remainder when 319695 is divided by 39?
12
What is the remainder when 41021 is divided by 90?
71
Calculate the remainder when 85199 is divided by 213.
212
What is the remainder when 53232 is divided by 65?
62
What is the remainder when 2307 is divided by 332?
315
What is the remainder when 141837 is divided by 15?
12
Calculate the remainder when 50538 is divided by 377.
20
What is the remainder when 22988 is divided by 55?
53
What is the remainder when 53864 is divided by 275?
239
What is the remainder when 5494 is divided by 17?
3
Calculate the remainder when 6062 is divided by 1974.
140
What is the remainder when 988898 is divided by 100?
98
Calculate the remainder when 114992 is divided by 38297.
101
Calculate the remainder when 42107 is divided by 3827.
10
Calculate the remainder when 2421 is divided by 64.
53
Calculate the remainder when 1392 is divided by 1293.
99
Calculate the remainder when 7325 is divided by 363.
65
Calculate the remainder when 3095 is divided by 2240.
855
Calculate the remainder when 3746354 is divided by 187.
183
Calculate the remainder when 2362 is divided by 766.
64
What is the remainder when 4587 is divided by 683?
489
What is the remainder when 4602 is divided by 144?
138
Calculate the remainder when 37435 is divided by 37432.
3
Calculate the remainder when 389 is divided by 135.
119
What is the remainder when 24803 is divided by 564?
551
Calculate the remainder when 36440 is divided by 2426.
50
What is the remainder when 5072 is divided by 29?
26
What is the remainder when 7604 is divided by 212?
184
Calculate the remainder when 262809 is divided by 131403.
3
Calculate the remainder when 147130 is divided by 16339.
79
What is the remainder when 55654 is divided by 142?
132
Calculate the remainder when 406161 is divided by 132.
129
Calculate the remainder when 3895 is divided by 364.
255
What is the remainder when 99064 is divided by 22?
20
Calculate the remainder when 2423 is divided by 73.
14
Calculate the remainder when 80987 is divided by 16.
11
What is the remainder when 6002 is divided by 550?
502
What is the remainder when 37632 is divided by 1076?
1048
Calculate the remainder when 8679 is divided by 2868.
75
What is the remainder when 16107 is divided by 152?
147
Calculate the remainder when 227170 is divided by 581.
580
Calculate the remainder when 4045 is divided by 130.
15
Calculate the remainder when 3114 is divided by 262.
232
What is the remainder when 68822 is divided by 339?
5
Calculate the remainder when 1172175 is divided by 63.
60
What is the remainder when 5777 is divided by 972?
917
What is the remainder when 2996 is divided by 205?
126
Calculate the remainder when 58498 is divided by 398.
390
What is the remainder when 556977 is divided by 60?
57
Calculate the remainder when 3510 is divided by 118.
88
What is the remainder when 85735 is divided by 326?
323
Calculate the remainder when 3313 is divided by 302.
293
Calculate the remainder when 130891 is divided by 26172.
31
Calculate the remainder when 206010 is divided by 24.
18
What is the remainder when 23847 is divided by 63?
33
What is the remainder when 658713 is divided by 6?
3
What is the remainder when 25509 is divided by 116?
105
What is the remainder when 112999 is divided by 36?
31
What is the remainder when 28880 is divided by 30?
20
What is the remainder when 12221 is divided by 3052?
13
Calculate the remainder when 22089 is divided by 7355.
24
Calculate the remainder when 15762 is divided by 197.
2
What is the remainder when 44963 is divided by 491?
282
Calculate the remainder when 115640 is divided by 2461.
2434
Calculate the remainder when 723 is divided by 232.
27
Calculate the remainder when 6222 is divided by 52.
34
What is the remainder when 904 is divided by 211?
60
What is the remainder when 150728 is divided by 59?
42
What is the remainder when 1014 is divided by 63?
6
Calculate the remainder when 7600 is divided by 759.
10
What is the remainder when 39827 is divided by 28?
11
What is the remainder when 6681 is divided by 18?
3
Calculate the remainder when 39350 is divided by 19674.
2
Calculate the remainder when 829 is divided by 212.
193
What is the remainder when 84580 is divided by 152?
68
What is the remainder when 60344 is divided by 107?
103
What is the remainder when 12064 is divided by 5?
4
What is the remainder when 2806024 is divided by 7?
4
What is the remainder when 49956 is divided by 656?
100
Calculate the remainder when 4363 is divided by 17.
11
Calculate the remainder when 14943 is divided by 4978.
9
Calculate the remainder when 34105 is divided by 54.
31
Calculate the remainder when 170 is divided by 36.
26
Calculate the remainder when 2612 is divided by 716.
464
What is the remainder when 1367 is divided by 1062?
305
What is the remainder when 20796 is divided by 6879?
159
What is the remainder when 1089521 is divided by 14?
13
Calculate the remainder when 310927 is divided by 65.
32
What is the remainder when 3192 is divided by 120?
72
Calculate the remainder when 5190 is divided by 1729.
3
Calculate the remainder when 168902 is divided by 21.
20
Calculate the remainder when 170877 is divided by 320.
317
Calculate the remainder when 46732 is divided by 690.
502
What is the remainder when 152453 is divided by 866?
37
Calculate the remainder when 1073 is divided by 111.
74
Calculate the remainder when 55212 is divided by 52.
40
Calculate the remainder when 38179 is divided by 267.
265
What is the remainder when 769 is divided by 381?
7
Calculate the remainder when 19365 is divided by 608.
517
What is the remainder when 562 is divided by 162?
76
What is the remainder when 322655 is divided by 15?
5
Calculate the remainder when 277570 is divided by 138785.
0
What is the remainder when 351446 is divided by 639?
635
What is the remainder when 18905 is divided by 3124?
161
What is the remainder when 81194 is divided by 606?
596
What is the remainder when 99141 is divided by 1943?
48
Calculate the remainder when 7176 is divided by 20.
16
Calculate the remainder when 92392 is divided by 155.
12
Calculate the remainder when 1775852 is divided by 207.
206
Calculate the remainder when 15878 is divided by 3873.
386
Calculate the remainder when 4739 is divided by 20.
19
Calculate the remainder when 34049 is divided by 31.
11
What is the remainder when 19772 is divided by 4942?
4
Calculate the remainder when 193815 is divided by 30.
15
What is the remainder when 1939 is divided by 313?
61
Calculate the remainder when 84908 is divided by 21215.
48
What is the remainder when 68110 is divided by 661?
27
What is the remainder when 32152 is divided by 37?
36
Calculate the remainder when 2125 is divided by 235.
10
Calculate the remainder when 605 is divided by 102.
95
What is the remainder when 45989 is divided by 315?
314
What is the remainder when 1725 is divided by 30?
15
Calculate the remainder when 52911 is divided by 59.
47
What is the remainder when 26699 is divided by 38